NOAA-Style Climate Reports



Report for 2019 September
                   Monthly Climatological Summary for Sep 2019

Name: Peaceful Hills   City: Hot Springs   State: AR
Elevation: 427 ft  Lat: N 34° 27' 45"   Lon: W 092° 57' 18"

                  Temperature (°F), Rain (in), Wind Speed (mph)

                                      Heat  Cool        Avg
    Mean                              Deg   Deg         Wind                 Dom
Day Temp  High   Time   Low    Time   Days  Days  Rain  Speed High   Time    Dir
----------------------------------------------------------------------------------
 1  79.7  92.5   3:38p  69.0   6:15a   0.0  14.7  0.00   0.3  10.5   3:55p   ESE
 2  80.3  92.5   4:13p  69.7   7:05a   0.0  15.3  0.00   0.5  15.8   4:01p   ESE
 3  80.9  94.6   3:42p  69.7   6:57a   0.0  15.9  0.00   0.3  14.0  12:22p   ESE
 4  81.0  95.8   3:38p  68.2   6:44a   0.0  16.0  0.00   0.1  14.0  12:42p   ENE
 5  81.8  98.0   3:31p  69.2   7:15a   0.0  16.8  0.00   0.2  10.5   1:14p    SE
 6  83.4  99.4   3:35p  71.5   6:53a   0.0  18.5  0.00   0.1  12.3  12:54p   SSW
 7  82.7  97.7   3:51p  70.2   6:51a   0.0  17.5  0.00   0.4  14.0  11:11a    SE
 8  84.7  99.8   3:19p  73.0   6:15a   0.0  19.7  0.00   0.4  14.0   2:27p    SE
 9  83.6  96.9   4:22p  68.8  11:24p   0.0  18.6  0.85   1.7  36.8  10:20p    SE
10  78.9  91.6   3:07p  69.2  12:00a   0.0  13.9  0.02   1.0  15.8   3:50p   ESE
11  81.6  92.8   3:42p  71.5   6:22a   0.0  16.6  0.00   0.8  19.3  11:40a    SE
12  80.8  95.2   3:23p  69.5   7:07a   0.0  15.7  0.00   0.5  19.3   1:21p   SSE
13  81.0  96.4   3:57p  68.2   7:23a   0.0  16.0  0.00   0.4  14.0  12:17p   ESE
14  80.7  93.5   3:59p  69.0   7:27a   0.0  15.7  0.00   0.5  22.8   3:09p   ESE
----------------------------------------------------------------------------------
    81.5  99.8     8    68.2     4     0.0 230.9  0.87   0.5  36.8     9      SE

Max >=  80.0: 14
Max <=  32.0:  0
Min <=  32.0:  0
Min <=   0.0:  0
Max Rain: 0.85 on day 9
Days of Rain: 2 (>= 0.01 in)  1 (>= 0.10 in)  0 (>= 1.00 in)
Heat Base: 65.0  Cool Base: 65.0  Method: Integration