NOAA-Style Climate Reports



Report for 2022 May
                   Monthly Climatological Summary for May 2022

Name: Peaceful Hills   City: Hot Springs   State: AR
Elevation: 427 ft  Lat: N 34° 27' 44"   Lon: W 092° 57' 18"

                  Temperature (°F), Rain (in), Wind Speed (mph)

                                      Heat  Cool        Avg
    Mean                              Deg   Deg         Wind                 Dom
Day Temp  High   Time   Low    Time   Days  Days  Rain  Speed High   Time    Dir
----------------------------------------------------------------------------------
 1  66.5  83.5   4:50p  49.9   6:35a   4.6   6.1  0.00   0.9  10.5  11:51a   SSW
 2  66.9  75.2   3:02p  56.5   2:10a   1.6   3.6  0.16   1.6  19.3  10:11p    SE
 3  66.2  73.7  12:46a  61.5   5:14a   1.2   2.3  0.46   2.3  29.8   1:42a   WSW
 4  66.2  78.6   4:40p  59.3   6:29a   1.9   3.1  0.00   2.2  17.5  12:33p     E
 5  62.7  64.9   9:20a  61.0   5:00a   2.3   0.0  0.75   1.6  17.5  12:38a   ESE
 6  64.7  75.3   3:16p  56.0   6:57a   2.7   2.4  0.11   3.6  22.8  12:03p   WNW
 7  66.5  82.1   3:46p  50.9   6:36a   4.2   5.7  0.02   1.9  19.3   2:33p   ESE
 8  69.1  82.7   4:33p  57.7   5:43a   2.3   6.4  0.01   4.0  22.8   7:56a   ESE
 9  79.1  89.4   3:38p  72.1   3:35a   0.0  14.0  0.01   3.6  26.3   4:17p     S
10  80.2  89.9   3:39p  73.0   6:18a   0.0  15.2  0.00   2.8  19.3  12:06p     S
11  79.8  90.9   3:38p  70.5  11:57p   0.0  14.7  0.00   1.5  17.5   2:54p     S
12  78.0  92.1   4:49p  64.5   6:45a   0.0  13.0  0.00   1.1  14.0   1:36p     S
13  78.4  92.6   3:31p  65.1   6:56a   0.0  13.4  0.00   1.5  19.3  10:23p   SSW
14  76.2  87.0   2:35p  66.9   5:40a   0.0  11.2  0.00   1.8  15.8   7:45a   SSE
15  73.2  89.2   2:11p  65.0  10:19p   0.0   8.2  0.32   1.2  31.5   4:21p   SSW
16  71.6  82.8   3:47p  64.3  11:59p   0.1   6.7  0.02   1.7  19.3  12:19p   ESE
17  70.0  81.5   2:27p  58.2   6:04a   1.7   6.6  0.00   1.4  19.3  12:00p    SE
18  77.3  87.7   3:33p  65.7   3:31a   0.0  12.3  0.00   2.3  22.8  11:25a   SSW
19  78.3  89.7   3:25p  68.7   4:06a   0.0  13.3  0.00   3.6  29.8   4:25p   SSW
20  79.5  87.4   4:03p  72.3   5:55a   0.0  14.5  0.00   5.2  31.5  11:43a     S
21  79.0  88.6   4:20p  64.9  10:11p   0.0  14.0  1.64   3.5  29.8   9:17p     S
----------------------------------------------------------------------------------
    72.8  92.6    13    49.9     1    22.6 186.7  3.50   2.4  31.5    15       S

Max >=  80.0: 16
Max <=  32.0:  0
Min <=  32.0:  0
Min <=   0.0:  0
Max Rain: 1.64 on day 21
Days of Rain: 10 (>= 0.01 in)  6 (>= 0.10 in)  1 (>= 1.00 in)
Heat Base: 65.0  Cool Base: 65.0  Method: Integration