NOAA-Style Climate Reports



Report for 2020 January
                   Monthly Climatological Summary for Jan 2020

Name: Peaceful Hills   City: Hot Springs   State: AR
Elevation: 427 ft  Lat: N 34° 27' 45"   Lon: W 092° 57' 18"

                  Temperature (°F), Rain (in), Wind Speed (mph)

                                      Heat  Cool        Avg
    Mean                              Deg   Deg         Wind                 Dom
Day Temp  High   Time   Low    Time   Days  Days  Rain  Speed High   Time    Dir
----------------------------------------------------------------------------------
 1  40.6  49.2   1:04p  29.4   5:45a  24.4   0.0  0.00   0.7  19.3   8:05p     S
 2  49.9  55.1  11:58p  45.6   4:03a  15.1   0.0  0.49   0.2  12.3  10:55a    NE
 3  54.6  60.4   2:15p  45.1  11:49p  10.4   0.0  0.08   1.9  19.3   8:14p   WNW
 4  43.1  54.5   2:27p  30.2  11:57p  21.9   0.0  0.00   0.8  21.0  10:35a   WNW
 5  44.2  66.1   3:10p  27.5   6:38a  20.9   0.0  0.00   0.5  26.3  12:51p    SW
 6  45.3  59.6   2:46p  33.7   5:22a  19.7   0.0  0.00   0.7  21.0   9:05a   NNE
 7  43.5  58.6   3:21p  30.9  11:55p  21.5   0.0  0.00   0.1  15.8  12:15p   WNW
 8  45.5  63.8   3:01p  27.0   6:49a  19.5   0.0  0.00   1.0  24.5   3:11p    SE
 9  55.8  63.3  10:02p  48.6   2:49a   9.2   0.0  0.02   3.8  29.8  12:31a    SE
10  63.9  68.8  10:45p  56.9  11:47p   1.6   0.5  1.16   5.8  33.3  11:36p    SE
11  42.8  57.5  12:05a  32.9   9:27p  22.2   0.0  0.65   4.5  36.8  12:00a    NW
12  35.0  38.1   9:14p  31.4   8:26a  26.5   0.0  0.00   2.2  15.8   8:33a    NE
13  41.4  53.5   3:17p  29.7   7:12a  23.5   0.0  0.03   1.8  19.3   1:05p   ESE
14  50.6  53.8  11:09p  46.2  12:43a  14.3   0.0  0.01   0.6  14.0  10:01a     E
15  60.0  65.1   3:20p  53.8  12:00a   5.0   0.0  0.07   0.2  14.0  10:26p   NNE
16  49.0  62.0  12:00a  40.6   8:02p  16.0   0.0  0.01   3.7  26.3   8:22a     N
17  43.0  49.7  11:59p  39.4   7:46a  22.0   0.0  0.22   2.4  26.3   6:51a   ENE
----------------------------------------------------------------------------------
    47.5  68.8    10    27.0     8   293.7   0.5  2.74   1.8  36.8    11     ENE

Max >=  80.0:  0
Max <=  32.0:  0
Min <=  32.0:  7
Min <=   0.0:  0
Max Rain: 1.16 on day 10
Days of Rain: 10 (>= 0.01 in)  4 (>= 0.10 in)  1 (>= 1.00 in)
Heat Base: 65.0  Cool Base: 65.0  Method: Integration