NOAA-Style Climate Reports


Report for 2019 July
                   Monthly Climatological Summary for Jul 2019

Name: Peaceful Hills   City: Hot Springs   State: AR
Elevation: 427 ft  Lat: N 34° 27' 45"   Lon: W 092° 57' 18"

                  Temperature (°F), Rain (in), Wind Speed (mph)

                                      Heat  Cool        Avg
    Mean                              Deg   Deg         Wind                 Dom
Day Temp  High   Time   Low    Time   Days  Days  Rain  Speed High   Time    Dir
----------------------------------------------------------------------------------
 1  78.3  90.1   2:40p  69.8   6:18a   0.0  13.3  0.00   0.8  14.0   3:12p    SE
 2  79.4  91.1   3:31p  70.9   4:37a   0.0  14.4  0.12   0.8  14.0   4:04p    SW
 3  80.7  91.8   3:30p  71.2   6:30a   0.0  15.7  0.00   1.0  12.3  12:36p   SSW
 4  77.2  84.5   1:33p  72.2  11:59p   0.0  12.1  0.00   0.8  12.3   3:31p   SSE
 5  80.1  91.8   3:11p  70.4   6:04a   0.0  15.1  0.00   0.9  15.8   3:52p   SSW
 6  79.4  93.9   2:12p  72.4   3:39p   0.0  14.4  0.95   0.8  17.5   3:22p   SSW
 7  76.4  88.3   1:13p  71.5   3:21p   0.0  11.4  0.62   0.6  14.0   1:58p    SW
 8  78.3  93.4   3:45p  72.8   2:56a   0.0  13.3  0.44   0.7  22.8   4:09p    SW
 9  81.9  95.4   3:23p  71.5   3:34a   0.0  16.8  0.00   0.5  12.3   3:10p   SSW
10  80.3  95.6   1:18p  73.9   6:01a   0.0  15.2  0.20   1.1  17.5   2:23p   WNW
11  80.1  90.1   2:31p  70.8   6:14a   0.0  15.1  0.00   0.5  14.0   9:04a   NNW
12  79.0  90.7   3:40p  66.3   6:11a   0.0  14.0  0.00   0.6  15.8  12:34p     N
13  80.8  90.6   1:59p  73.5  11:54p   0.0  15.8  0.04   2.7  22.8   9:49a     E
14  71.8  73.8   5:18a  69.4   8:39a   0.0   6.8  0.55   3.5  31.5  10:51a   ENE
15  72.5  74.9   2:38p  70.6  12:00a   0.0   7.5  0.63   1.3  15.8  10:08a     S
16  75.0  80.1   7:21p  72.4   7:07a   0.0  10.0  0.53   0.5  15.8  11:23a     S
17  82.5  92.3   2:26p  76.0   6:17a   0.0  17.5  0.00   1.9  19.3  10:14a   SSW
18  82.4  92.0   3:55p  74.6   6:26a   0.0  17.5  0.00   2.1  19.3  11:35a   SSW
19  83.1  92.4   2:41p  75.4   4:36a   0.0  18.1  0.00   1.9  17.5   3:29p     S
----------------------------------------------------------------------------------
    78.9  95.6    10    66.3    12     0.0 264.0  4.08   1.2  31.5    14       S

Max >=  80.0: 17
Max <=  32.0:  0
Min <=  32.0:  0
Min <=   0.0:  0
Max Rain: 0.95 on day 6
Days of Rain: 9 (>= 0.01 in)  8 (>= 0.10 in)  0 (>= 1.00 in)
Heat Base: 65.0  Cool Base: 65.0  Method: Integration