NOAA-Style Climate Reports



Report for 2020 September
                   Monthly Climatological Summary for Sep 2020

Name: Peaceful Hills   City: Hot Springs   State: AR
Elevation: 427 ft  Lat: N 34° 27' 45"   Lon: W 092° 57' 18"

                  Temperature (°F), Rain (in), Wind Speed (mph)

                                      Heat  Cool        Avg
    Mean                              Deg   Deg         Wind                 Dom
Day Temp  High   Time   Low    Time   Days  Days  Rain  Speed High   Time    Dir
----------------------------------------------------------------------------------
 1  76.2  83.8   2:11p  72.4  10:02p   0.0  11.1  0.53   0.7  19.3   2:53p   SSE
 2  75.3  79.1   6:21p  71.9   2:53a   0.0  10.3  0.53   0.0   5.3   3:06a   ---
 3  76.2  81.9   4:24p  72.4   5:17a   0.0  11.2  0.01   0.4  10.5   2:57p    SW
 4  77.7  90.5   3:07p  71.7  11:24p   0.0  12.7  0.47   0.5  22.8   5:06p    SE
 5  75.2  85.6   5:09p  66.9   6:50a   0.0  10.2  0.00   0.2  12.3  11:03a     E
 6  75.8  90.7   4:15p  65.9   7:13a   0.0  10.9  0.01   0.6  14.0  12:55p   SSW
 7  76.8  89.5   3:40p  66.0   6:58a   0.0  11.8  0.00   0.2  12.3   2:03p   SSW
 8  78.4  89.6   4:31p  69.0   7:21a   0.0  13.3  0.00   0.5  15.8   3:27p    SE
 9  77.8  88.9   1:25p  67.7   7:07a   0.0  12.8  0.00   0.9  22.8   1:09p   ESE
10  78.9  90.3   4:03p  69.7   7:19a   0.0  13.8  0.03   1.0  10.5  12:23p     W
11  77.3  86.3   4:17p  72.3   7:06a   0.0  12.3  0.21   0.3   8.8  10:54a   WNW
12  78.5  90.5   1:42p  68.7   6:29a   0.0  13.5  0.00   0.5  10.5  12:39p    SW
13  77.0  85.7   3:49p  71.3   4:16a   0.0  12.0  0.00   0.6  21.0  12:31p   NNW
14  76.3  84.8   4:55p  69.7   6:40a   0.0  11.3  0.00   2.7  19.3  12:09p    NW
15  76.5  87.2   3:49p  68.6   7:20a   0.0  11.5  0.00   1.4  15.8   3:25p   NNE
16  76.7  86.5   3:32p  68.5   6:18a   0.0  11.7  0.00   1.0  19.3   2:20p   NNE
17  74.8  83.5  11:58a  68.0  10:17p   0.0   9.8  0.00   0.3  14.0   9:49a   NNW
18  71.7  79.6   2:14p  64.9  11:58p   0.0   6.7  0.00   2.0  21.0   2:16p    NW
19  66.0  75.6   3:01p  58.1   7:01a   2.0   3.0  0.00   1.0  17.5  11:48a   NNE
20  68.9  81.0   4:09p  58.9   5:20a   1.8   5.6  0.00   0.9  21.0   2:43p   ENE
21  66.0  70.1  11:48a  61.4   5:15a   0.6   1.6  0.17   0.2  14.0  12:26p     E
22  63.1  65.6  12:00a  58.7   7:11p   2.0   0.1  2.42   0.1  24.5   4:51p     E
23  62.0  63.3   1:38p  60.3  11:37p   3.0   0.0  0.53   0.6  21.0   1:56p    NE
24  63.1  67.8   3:03p  57.9  11:24p   2.5   0.6  0.00   0.6  12.3   9:33a    NW
----------------------------------------------------------------------------------
    73.6  90.7     6    57.9    24    11.9 217.8  4.91   0.7  24.5    22       N

Max >=  80.0: 17
Max <=  32.0:  0
Min <=  32.0:  0
Min <=   0.0:  0
Max Rain: 2.42 on day 22
Days of Rain: 10 (>= 0.01 in)  7 (>= 0.10 in)  1 (>= 1.00 in)
Heat Base: 65.0  Cool Base: 65.0  Method: Integration