NOAA-Style Climate Reports



Report for 2021 November
                   Monthly Climatological Summary for Nov 2021

Name: Peaceful Hills   City: Hot Springs   State: AR
Elevation: 427 ft  Lat: N 34° 27' 44"   Lon: W 092° 57' 18"

                  Temperature (°F), Rain (in), Wind Speed (mph)

                                      Heat  Cool        Avg
    Mean                              Deg   Deg         Wind                 Dom
Day Temp  High   Time   Low    Time   Days  Days  Rain  Speed High   Time    Dir
----------------------------------------------------------------------------------
 1  55.8  66.5   3:01p  46.0   7:46a   9.3   0.1  0.05   2.6  19.3  10:52a    NE
 2  47.4  50.2  12:00a  45.2  11:57p  17.6   0.0  0.07   2.5  24.5   8:59a   NNE
 3  42.5  45.2  12:00a  37.0  11:59p  22.5   0.0  0.49   2.0  21.0   2:14a   NNE
 4  42.3  56.0   3:15p  32.2   8:00a  22.7   0.0  0.00   1.1  15.8  11:42a     N
 5  41.8  58.0   3:51p  30.3   7:48a  23.2   0.0  0.00   1.0  19.3   2:01p    NE
 6  44.3  63.2   3:37p  31.8   3:12a  20.7   0.0  0.00   1.1  12.3  12:33p   SSW
 7  48.8  69.1   2:48p  36.0   1:58a  17.3   0.4  0.00   1.0  12.3  11:57a   SSE
 8  52.5  72.6   2:41p  37.2   6:36a  13.7   1.2  0.00   1.3  15.8  12:16p     S
 9  53.5  70.5  12:41p  41.5   3:07a  12.1   0.6  0.00   1.1  17.5  12:12p   SSW
10  59.1  70.4   1:32p  47.5   4:48a   6.3   0.8  0.04   2.5  22.8  12:22p    SE
11  56.5  66.4   2:55p  40.1  11:57p   8.6   0.1  0.78   2.5  19.3   1:21a   WNW
12  47.0  57.1  12:26p  34.8   5:43a  18.0   0.0  0.00   3.1  26.3   2:50p    NW
13  43.2  56.2   2:49p  30.8   7:07a  21.8   0.0  0.00   1.7  14.0   2:56p   WNW
14  48.3  68.5   2:06p  34.5   2:14a  16.8   0.2  0.00   1.2  12.3  11:51a   WSW
15  52.0  71.7   2:37p  35.4   6:49a  14.0   1.0  0.00   1.1  14.0  11:09a     S
16  61.6  69.4   4:03p  49.9   3:10a   4.2   0.8  0.00   2.4  26.3   3:41p     S
17  66.9  77.1   2:30p  55.6  11:59p   1.2   3.1  0.05   3.6  22.8  11:43a     S
18  46.6  56.7   2:20p  30.2  11:55p  18.4   0.0  0.20   2.9  22.8  10:07a   NNW
19  40.2  55.7   2:45p  26.5   5:40a  24.8   0.0  0.00   1.4  17.5  11:10a   NNE
20  49.2  64.3   2:58p  32.4   6:50a  15.8   0.0  0.00   2.1  21.0   1:13p   ESE
21  60.1  65.1   1:17p  53.0  11:55p   4.9   0.0  0.00   1.8  15.8   5:39p    NW
22  48.8  61.4   2:49p  35.8  11:59p  16.2   0.0  0.00   1.8  19.3   9:14a   NNW
23  46.2  61.2   2:28p  31.0   7:07a  18.8   0.0  0.00   2.6  21.0   2:48p   WNW
24  57.3  66.3   3:43p  45.7   4:08a   7.8   0.1  0.00   5.0  26.3   9:33p   SSE
25  53.0  63.7  12:00a  36.1  11:59p  12.0   0.0  0.53   3.1  22.8   3:42p   NNW
26  38.8  54.1   3:02p  27.6   7:17a  26.2   0.0  0.00   1.3  14.0   4:18p    NW
27  42.1  54.3   3:16p  29.3   6:41a  22.8   0.0  0.00   1.3  15.8  12:47p   WNW
28  48.9  63.0   2:39p  35.9  11:57p  16.1   0.0  0.00   1.7  15.8   2:00p   NNW
----------------------------------------------------------------------------------
    49.8  77.1    17    26.5    19   433.8   8.4  2.21   2.0  26.3    12     WNW

Max >=  80.0:  0
Max <=  32.0:  0
Min <=  32.0:  8
Min <=   0.0:  0
Max Rain: 0.78 on day 11
Days of Rain: 8 (>= 0.01 in)  4 (>= 0.10 in)  0 (>= 1.00 in)
Heat Base: 65.0  Cool Base: 65.0  Method: Integration