NOAA-Style Climate Reports



Report for 2020 July
                   Monthly Climatological Summary for Jul 2020

Name: Peaceful Hills   City: Hot Springs   State: AR
Elevation: 427 ft  Lat: N 34° 27' 45"   Lon: W 092° 57' 18"

                  Temperature (°F), Rain (in), Wind Speed (mph)

                                      Heat  Cool        Avg
    Mean                              Deg   Deg         Wind                 Dom
Day Temp  High   Time   Low    Time   Days  Days  Rain  Speed High   Time    Dir
----------------------------------------------------------------------------------
 1  82.7  91.7   5:07p  77.1   3:22a   0.0  17.7  0.00   1.9  15.8  12:59p   SSW
 2  82.7  95.8   3:06p  71.0  11:43p   0.0  17.7  0.08   0.7  19.3   8:53p   SSW
 3  78.1  91.7   4:07p  69.8   3:52a   0.0  13.1  0.18   0.3  21.0   7:23p     W
 4  76.3  85.4   1:52p  68.9   6:25a   0.0  11.3  0.01   0.5  17.5  10:48a     W
 5  79.1  91.5   3:06p  71.7   4:46a   0.0  14.1  0.19   0.8  14.0   1:50p   ESE
 6  79.2  89.2   3:10p  73.0   6:14a   0.0  14.2  0.00   1.0  21.0   2:34p   ESE
 7  78.2  87.6   3:06p  70.5   6:24a   0.0  13.2  0.00   1.4  15.8   3:01p   SSE
 8  81.1  91.1   3:24p  73.8  12:13a   0.0  16.1  0.02   0.1  12.3   1:50p     S
 9  77.9  90.1   1:43p  72.7  11:53p   0.0  12.9  0.12   0.4  22.8   2:06p     W
10  79.6  92.9   3:50p  70.7   5:38a   0.0  14.6  0.00   0.0  12.3   5:12p     W
11  83.0  95.0   4:07p  71.9   6:00a   0.0  17.9  0.00   0.1  12.3  12:55p   SSW
12  85.0  93.7   4:45p  75.6   7:31a   0.0  20.0  0.00   0.9  28.0   4:13a     W
----------------------------------------------------------------------------------
    80.2  95.8     2    68.9     4     0.0 182.8  0.60   0.7  28.0    12       S

Max >=  80.0: 12
Max <=  32.0:  0
Min <=  32.0:  0
Min <=   0.0:  0
Max Rain: 0.19 on day 5
Days of Rain: 6 (>= 0.01 in)  3 (>= 0.10 in)  0 (>= 1.00 in)
Heat Base: 65.0  Cool Base: 65.0  Method: Integration