NOAA-Style Climate Reports



Report for 2019 November
                   Monthly Climatological Summary for Nov 2019

Name: Peaceful Hills   City: Hot Springs   State: AR
Elevation: 427 ft  Lat: N 34° 27' 45"   Lon: W 092° 57' 18"

                  Temperature (°F), Rain (in), Wind Speed (mph)

                                      Heat  Cool        Avg
    Mean                              Deg   Deg         Wind                 Dom
Day Temp  High   Time   Low    Time   Days  Days  Rain  Speed High   Time    Dir
----------------------------------------------------------------------------------
 1  39.7  56.2   3:42p  28.2   5:24a  25.3   0.0  0.00   0.1  15.8   1:33p    SE
 2  44.1  61.3   3:52p  31.6   3:26a  20.9   0.0  0.00   0.1  21.0  11:28a   NNW
 3  45.8  62.7   2:03p  31.3   5:47a  20.0   0.0  0.01   0.3  21.0  11:25a   SSE
 4  54.2  69.0   2:21p  37.8   6:31a  11.2   0.4  0.00   0.4  17.5   1:30p    SE
 5  58.9  70.3   2:09p  52.3   3:50a   6.8   0.7  0.00   0.7  19.3  11:58a   ENE
 6  58.3  69.0   3:23p  52.9   7:35a   7.0   0.4  0.35   0.1  12.3  12:19a   ESE
 7  51.1  59.0  12:00a  38.5  11:59p  13.7   0.0  0.93   1.8  24.5  10:38a   NNW
 8  37.2  48.1   3:16p  30.1  11:51p  27.8   0.0  0.00   0.6  19.3   3:17a   NNW
 9  42.5  60.6   3:07p  29.4   1:59a  22.5   0.0  0.00   0.1  15.8   3:08p   WSW
10  51.8  70.2   1:39p  35.5   5:48a  13.8   0.7  0.00   0.4  21.0   2:05p   SSW
11  46.0  55.1   1:15p  29.4  11:58p  19.0   0.0  0.42   2.2  24.5   2:41p   NNW
12  26.8  35.1   3:11p  20.7   6:50a  38.2   0.0  0.00   0.6  21.0  11:57a   NNW
13  29.7  45.4   3:04p  16.6   6:14a  35.1   0.0  0.00   0.1  15.8  11:44a    SE
14  41.6  57.5   3:05p  29.0  12:49a  23.3   0.0  0.00   0.0   8.8  12:16p   ---
15  40.1  57.0   3:05p  29.5  11:58p  24.9   0.0  0.00   0.1  15.8  12:31p     N
16  38.7  57.5   2:48p  24.4   7:03a  26.3   0.0  0.00   0.2  17.5   1:30p     E
17  42.0  58.7   3:03p  30.5   5:26a  23.0   0.0  0.00   0.1  10.5  11:33a   SSE
18  46.5  64.5   2:49p  31.1   5:57a  18.5   0.0  0.00   0.1  17.5   3:45p   SSW
19  52.0  73.5   3:00p  35.6   7:14a  14.2   1.3  0.00   0.1  14.0  11:06a   WNW
20  55.3  71.5   1:30p  38.4   4:30a   9.6   0.8  0.00   2.3  29.8   3:00p   ESE
----------------------------------------------------------------------------------
    45.1  73.5    19    16.6    13   401.1   4.3  1.71   0.4  29.8    20     NNE

Max >=  80.0:  0
Max <=  32.0:  0
Min <=  32.0: 13
Min <=   0.0:  0
Max Rain: 0.93 on day 7
Days of Rain: 4 (>= 0.01 in)  3 (>= 0.10 in)  0 (>= 1.00 in)
Heat Base: 65.0  Cool Base: 65.0  Method: Integration