NOAA-Style Climate Reports



Report for 2014 October
                   Monthly Climatological Summary for Oct 2014

Name: hsnpar.org   City: Hot Springs   State: AR
Elevation: 427 ft  Lat: N 34° 27' 45"   Lon: W 092° 57' 18"

                  Temperature (°F), Rain (in), Wind Speed (mph)

                                      Heat  Cool        Avg
    Mean                              Deg   Deg         Wind                 Dom
Day Temp  High   Time   Low    Time   Days  Days  Rain  Speed High   Time    Dir
----------------------------------------------------------------------------------
 1  76.3  89.7   4:15p  64.6  12:36a   0.0  11.3  0.11   0.7  17.5   2:09a     N
 2  77.2  91.9   4:30p  65.2  11:58p   0.0  12.2  0.60   1.7  56.0   7:24p   NNE
 3  66.3  75.2   1:37p  54.7  11:51p   1.5   2.9  0.00   2.7  56.0   7:22a   ESE
 4  56.8  71.9   3:48p  42.5   6:44a   9.4   1.3  0.00   1.2  24.5   2:02a     E
 5  61.3  79.0   4:13p  45.9   4:27a   7.1   3.4  0.00   1.3  22.8  10:33a    NE
 6  67.7  80.6   3:25p  57.8   7:20a   1.7   4.5  0.14   1.1  24.5   3:17a   ENE
 7  73.9  87.2   4:13p  63.8   6:26a   0.1   9.0  0.00   0.9  17.5  12:39a    NE
 8  73.9  84.9   2:13p  67.8   6:55a   0.0   8.9  0.00   0.5  19.3   4:07p     N
 9  73.7  86.5   3:34p  64.9   7:16a   0.0   8.7  0.01   0.7  19.3   4:06a   NNE
10  73.9  86.2   4:10p  65.8  10:47p   0.0   8.8  0.23   1.4  24.5   7:51p   ENE
11  62.4  65.9   1:15a  58.4  10:57p   2.7   0.1  1.04   0.9  24.5   7:50a   WSW
12  61.9  65.4  11:58p  58.0  12:14a   3.1   0.0  0.08   0.1  12.3   1:20a     N
13  65.2  72.4   7:07a  58.8  10:36p   1.4   1.6  1.47   3.1  26.3   7:07a   NNE
14  60.1  69.8   4:06p  50.6  11:51p   5.5   0.7  0.00   3.1  31.5   3:12p     E
15  57.4  72.7   3:25p  45.9   6:58a   8.9   1.5  0.00   1.5  31.5   3:10a     E
16  59.4  80.4   4:06p  42.0   7:01a   8.9   3.3  0.00   0.5  19.3   1:03a   NNW
17  65.9  85.0   4:09p  52.4   7:35a   4.4   5.3  0.00   0.3  14.0   2:58a    NE
18  60.9  72.9   4:14p  50.6  11:58p   5.5   1.4  0.00   0.4  10.5  10:46a    SE
19  55.9  72.2   3:34p  45.1   7:19a  10.0   1.0  0.00   0.7  12.3  11:41p    NW
20  56.8  69.9   4:44p  47.0   3:25a   8.6   0.5  0.01   0.0  12.3  12:30a    NE
21  63.4  81.9   4:44p  52.6   6:57a   5.4   3.8  0.00   0.3  12.3   3:15p   NNE
22  58.6  74.1   3:07p  47.7   7:40a   8.2   1.8  0.00   0.9  15.8  12:54p     W
23  55.0  69.6   4:17p  46.2   4:51a  10.3   0.3  0.00   0.1  15.8  12:53a   ENE
24  59.4  79.5   4:38p  45.4   6:39a   8.4   2.8  0.01   0.3   8.8  11:20a    NE
25  66.4  84.9   4:57p  52.8   5:29a   4.3   5.7  0.00   0.6  15.8   1:14p   ENE
26  69.9  85.9   2:21p  56.5   7:19a   2.4   7.3  0.00   0.8  17.5   1:05p   NNE
27  69.5  80.1   3:48p  57.8   7:45a   0.9   5.4  0.00   1.7  21.0  12:39p   NNE
28  64.4  69.7  12:00a  57.4  11:55p   2.3   1.6  0.17   0.6  21.0  12:38a     E
29  57.4  73.5   3:27p  45.7  11:54p   9.1   1.5  0.00   0.3  12.3   1:36a   ESE
30  54.6  73.2   2:59p  42.0   5:01a  11.8   1.4  0.00   0.5  15.8   1:45p   NNE
31  53.9  63.4   3:09p  43.6  11:59p  11.1   0.0  0.00   2.5  21.0   9:59a    SE
----------------------------------------------------------------------------------
    63.9  91.9     2     0.0    12   153.0 118.0  3.87   1.0  56.0     2     ENE

Max >=  80.0: 13
Max <=  32.0:  0
Min <=  32.0:  1
Min <=   0.0:  1
Max Rain: 1.47 on day 13
Days of Rain: 11 (>= 0.01 in)  7 (>= 0.10 in)  2 (>= 1.00 in)
Heat Base: 65.0  Cool Base: 65.0  Method: Integration