NOAA-Style Climate Reports



Report for 2015 May
                   Monthly Climatological Summary for May 2015

Name: hsnpar.org   City: Hot Springs   State: AR
Elevation: 427 ft  Lat: N 34° 27' 45"   Lon: W 092° 57' 18"

                  Temperature (°F), Rain (in), Wind Speed (mph)

                                      Heat  Cool        Avg
    Mean                              Deg   Deg         Wind                 Dom
Day Temp  High   Time   Low    Time   Days  Days  Rain  Speed High   Time    Dir
----------------------------------------------------------------------------------
 1  63.6  77.8   3:54p  51.0   4:46a   5.0   3.6  0.00   1.6  17.5   9:40a   ESE
 2  62.7  81.2   4:02p  44.2   6:38a   7.2   4.9  0.00   0.7  12.3   2:05p   SSE
 3  68.1  85.0   3:54p  49.5   6:14a   4.4   7.5  0.00   1.3  17.5  12:44p   SSW
 4  70.9  82.8   1:58p  57.2   6:34a   1.3   7.1  0.00   1.1  15.8  12:19p     S
 5  74.5  85.9   3:35p  65.6   6:13a   0.0   9.5  0.00   2.2  26.3   1:00p    SE
 6  74.1  83.9   2:33p  65.5   7:28a   0.0   9.1  0.00   2.1  22.8  11:23a    SE
 7  75.2  85.6   3:48p  65.8   3:54a   0.0  10.2  0.00   1.3  21.0   2:08p   SSE
 8  72.2  77.8   4:46p  68.4  12:50p   0.0   7.2  0.34   1.5  24.5   1:40a     S
 9  69.8  80.9   1:46p  64.8   5:26a   0.0   4.8  2.96   1.8  47.3   9:48p     E
10  72.7  80.7   1:43p  66.0   4:15a   0.0   7.6  0.04   0.9  14.0   1:47p    SE
11  69.2  79.7   4:21p  60.1  11:57p   0.4   4.6  1.89   1.1  19.3   3:32a   WSW
12  63.7  71.1   2:37p  56.2  11:56p   2.9   1.6  0.00   0.6  14.0   4:05a   NNW
13  62.6  68.8   2:04p  55.8  12:19a   3.1   0.7  0.00   1.5  19.3   9:45a   ENE
14  72.8  86.7   4:05p  61.0   2:41a   0.9   8.6  0.00   1.0  19.3   2:49p     S
15  74.9  84.0  12:36p  70.0   6:47a   0.0   9.9  0.20   0.8  21.0   1:22p     S
16  75.4  84.8   4:46p  69.4   5:24a   0.0  10.4  0.02   1.9  22.8   1:41p    SE
17  74.8  84.8   4:39p  66.1   8:23a   0.0   9.3  0.60   2.1  22.8  12:05a   SSE
18  74.6  82.3   2:01p  67.9  11:50p   0.0   9.6  0.00   0.8  17.5   2:51p     S
19  72.6  81.0   3:34p  66.6   2:41a   0.0   7.6  0.00   1.0  15.8   3:22p   ENE
20  72.4  81.8   3:14p  65.5   8:03a   0.0   7.4  1.89   1.7  17.5   3:20a   WNW
21  60.9  66.7   5:19p  53.4  11:56p   4.3   0.1  0.00   1.7  17.5   7:34a    NW
22  60.6  74.0   3:23p  49.9   6:20a   6.0   1.6  0.05   1.3  17.5   8:44a     E
23  70.0  82.4   3:57p  57.2   5:21a   2.1   7.2  0.02   1.8  22.8   4:36p     E
24  74.5  82.3   1:26p  69.9  11:46p   0.0   9.5  0.29   2.9  22.8   3:22p    SE
25  71.9  83.2   3:47p  62.4  11:48p   0.3   7.2  1.24   1.5  26.3   7:40p   ESE
26  69.6  82.8   3:45p  61.4   2:35a   1.0   5.6  0.08   1.1  17.5   1:29a   SSW
27  76.5  87.6   3:16p  69.7   6:50a   0.0  11.5  0.00   0.8  17.5   3:22p   SSE
28  70.8  85.1   1:08p  65.6  11:57p   0.0   5.8  0.15   0.7  17.5   1:45p   ESE
29  72.6  86.1   2:22p  64.2   4:50a   0.1   7.7  0.92   1.2  29.8   6:45p    SE
30  73.0  81.6   2:37p  67.3  12:00a   0.0   8.0  0.31   0.5  12.3   9:55a     W
31  68.1  72.6   1:23p  64.2  11:59p   0.0   3.1  0.19   0.4   8.8  10:27a   WNW
----------------------------------------------------------------------------------
    70.5  87.6    27    44.2     2    39.0 208.5 11.19   1.3  47.3     9      SE

Max >=  80.0: 23
Max <=  32.0:  0
Min <=  32.0:  0
Min <=   0.0:  0
Max Rain: 2.96 on day 9
Days of Rain: 17 (>= 0.01 in)  12 (>= 0.10 in)  4 (>= 1.00 in)
Heat Base: 65.0  Cool Base: 65.0  Method: Integration